2 and 57886.
562
Calculate the highest common divisor of 378617850 and 4575.
4575
Calculate the highest common factor of 136241460 and 360.
180
What is the highest common divisor of 242 and 4020463370?
242
Calculate the greatest common factor of 4870 and 401690.
10
Calculate the greatest common factor of 8873392 and 2608.
16
Calculate the greatest common divisor of 7168 and 967400.
56
Calculate the greatest common divisor of 8513764 and 70.
14
What is the highest common factor of 31783 and 2363671?
37
What is the greatest common divisor of 29065 and 9235?
5
What is the greatest common factor of 56 and 4083964?
4
What is the highest common factor of 2875 and 6498995?
115
What is the highest common divisor of 23 and 9192893?
23
What is the highest common divisor of 1579 and 292062893?
1579
Calculate the highest common divisor of 71434605 and 164835.
6105
Calculate the highest common factor of 29440 and 213648.
16
What is the highest common factor of 1682829 and 2151?
9
What is the greatest common factor of 2558552502 and 13794?
13794
Calculate the greatest common factor of 1175392 and 4680.
8
What is the highest common factor of 260315305 and 9826?
4913
Calculate the greatest common factor of 51 and 3769257.
51
What is the greatest common divisor of 365047 and 1387?
19
Calculate the highest common factor of 1234064 and 1021904.
3536
Calculate the greatest common divisor of 470361367 and 7.
7
What is the highest common factor of 207016 and 34126?
226
Calculate the greatest common divisor of 343568217 and 5154.
2577
Calculate the highest common factor of 2328429 and 9.
3
Calculate the highest common divisor of 1940 and 55780.
20
What is the highest common factor of 314023 and 36150?
241
Calculate the greatest common factor of 134032500 and 3375.
1125
What is the greatest common divisor of 1225488 and 128077?
211
What is the highest common factor of 8315 and 8858801?
1663
What is the highest common divisor of 988 and 108767438?
494
Calculate the highest common divisor of 3291871 and 297.
11
Calculate the highest common factor of 2825 and 4083481.
113
What is the highest common factor of 683312 and 119?
7
What is the highest common divisor of 9715 and 2365033?
67
Calculate the highest common divisor of 39111 and 131.
1
Calculate the greatest common divisor of 4252 and 1952731.
1063
Calculate the greatest common divisor of 21004269 and 2444.
13
What is the highest common divisor of 8514 and 217668?
66
Calculate the greatest common factor of 130465 and 3537350.
1345
Calculate the greatest common factor of 8375820 and 3380.
20
Calculate the greatest common factor of 43009 and 33169.
41
Calculate the greatest common divisor of 636226282 and 2.
2
What is the greatest common divisor of 4039780 and 1140?
380
Calculate the greatest common divisor of 147472 and 53424.
16
Calculate the greatest common divisor of 180 and 331918110.
90
What is the greatest common divisor of 42253 and 5128969?
1363
What is the greatest common factor of 1536 and 255009024?
768
What is the greatest common divisor of 1680 and 5226690?
210
What is the highest common divisor of 1107666 and 702684?
2682
What is the highest common factor of 12048 and 13638?
6
What is the highest common factor of 443750 and 95566?
142
Calculate the greatest common factor of 615 and 19911978.
123
Calculate the highest common factor of 229015 and 9943.
163
Calculate the greatest common divisor of 18298594 and 13166.
58
What is the highest common divisor of 665 and 2543150?
95
What is the highest common factor of 686 and 1564822?
14
What is the highest common divisor of 226873 and 1651046?
307
What is the highest common factor of 728 and 3726760?
8
Calculate the highest common factor of 291968 and 336.
16
What is the greatest common factor of 222768 and 196690?
442
Calculate the greatest common factor of 55285377 and 21.
21
Calculate the greatest common factor of 2122628 and 12112.
3028
What is the highest common divisor of 868843386 and 558?
558
Calculate the greatest common divisor of 190 and 9838390.
190
What is the highest common divisor of 31 and 299452219?
31
Calculate the greatest common divisor of 7686393 and 118404.
9867
What is the highest common divisor of 38892404 and 9666?
358
Calculate the greatest common factor of 3581887 and 74305.
193
What is the greatest common factor of 2592 and 25140384?
288
What is the greatest common divisor of 1564587 and 207507?
789
Calculate the highest common factor of 1110 and 62764395.
555
What is the highest common factor of 6556503 and 3574?
1787
What is the greatest common factor of 230333921 and 145?
29
What is the greatest common factor of 308670 and 23190?
30
Calculate the highest common divisor of 162495549 and 18.
9
Calculate the greatest common factor of 466163 and 6845.
37
Calculate the highest common divisor of 760 and 1024430.
10
Calculate the greatest common divisor of 164313 and 53.
1
What is the highest common divisor of 76459 and 1993429?
157
What is the greatest common divisor of 111 and 24105981?
111
What is the greatest common factor of 2565802888 and 44?
44
Calculate the greatest common factor of 27598838 and 4338.
482
What is the greatest common factor of 18642 and 1049022?
78
Calculate the highest common divisor of 499307656 and 964.
964
What is the highest common factor of 20208400 and 80?
80
Calculate the highest common factor of 330089611 and 113.
113
What is the highest common divisor of 787398 and 3534?
114
What is the highest common divisor of 162 and 5925330?
18
Calculate the greatest common divisor of 8695 and 4524220.
235
What is the highest common factor of 7413535 and 170?
5
What is the greatest common divisor of 1120 and 6553930?
10
Calculate the greatest common factor of 22 and 67368620.
22
What is the highest common factor of 8556 and 794343318?
4278
Calculate the highest common factor of 60840 and 805320.
360
Calculate the greatest common divisor of 1612952885 and 73.
73
What is the highest common factor of 768043 and 697?
17
What is the greatest common factor of 26103 and 4653453?
2373
What is the highest common divisor of 8882058 and 50032?
106
Calculate the greatest common factor of 160 and 498542592.
32
Calculate the highest common factor of 2016 and 5216274.
126
Calculate the greatest common divisor of 3459 and 110916294.
3459
Calculate the greatest common divisor of 4347550 and 1810.
10
Calculate the highest common divisor of 58811 and 2990.
23
Calculate the greatest common factor of 5826060 and 1620.
540
Calculate the greatest common factor of 1577 and 188276453.
1577
What is the greatest common divisor of 3879 and 179174889?
3879
Calculate the highest common divisor of 42 and 215321624.
14
What is the highest common factor of 279 and 13826961?
279
What is the highest common divisor of 648441 and 12559?
661
What is the greatest common divisor of 287314 and 140068?
194
Calculate the greatest common factor of 9465 and 48795.
15
Calculate the highest common factor of 5631464 and 26175.
349
Calculate the greatest common factor of 17919 and 49995.
99
Calculate the greatest common divisor of 2537 and 219598.
59
Calculate the greatest common divisor of 8888 and 16983857.
1111
What is the greatest common divisor of 10 and 19307700?
10
Calculate the greatest common factor of 4761 and 626773.
23
Calculate the highest common divisor of 68 and 32756552.
68
What is the highest common divisor of 721710 and 62590?
110
What is the greatest common divisor of 98980 and 153125?
245
Calculate the greatest common divisor of 120288 and 20928.
96
Calculate the highest common factor of 6018048 and 232.
8
What is the highest common factor of 16099 and 10330823?
947
Calculate the greatest common factor of 6867430 and 1440.
10
Calculate the highest common divisor of 28 and 134907199.
7
Calculate the greatest common factor of 4339875 and 84135.
1065
What is the highest common factor of 25 and 14065705?
5
What is the greatest common factor of 269 and 56392891?
269
What is the greatest common divisor of 48 and 12373696?
16
Calculate the greatest common divisor of 18443292 and 2604.
84
What is the greatest common divisor of 36421 and 58942422?
3311
What is the greatest common factor of 153116178 and 170?
34
What is the highest common factor of 